5. What is i(-5)?
6
Let a(n) be the third derivative of n**4/24 + 7*n**3/6 + n**2. Calculate a(-6).
1
Let d(m) = m**2 - 1. Let r be d(2). Let o(q) = 1 + 0 + 1 - 2*q - 3 - 12*q**r. What is o(-1)?
13
Let h(o) = o + 9. Let x be h(-9). Let d = x - -6. Let y(b) = b**3 - 7*b**2 + 6*b - 4. Give y(d).
-4
Let k(j) = -j**3 + j**3 - 3 + j**3 - 9*j**2 - j + 3*j**2. Give k(6).
-9
Suppose -21*w - 53 + 179 = 0. Let x(m) = -m**3 + 6*m**2 - 2*m - 7. Give x(w).
-19
Let y(i) = 3*i**2 + 4*i + 3. Suppose -6 = 2*v - 16. Let j(d) = -d**2 + 5*d - 2. Let o be j(4). Let l be 12/(-5) + o/v. Determine y(l).
7
Let c(l) = l**3 + 6*l**2 - 9*l - 6. Let z be c(-7). Suppose 0*p = -p - t - 1, 4*p + 5*t = -z. Let u(k) = -2*k + 3. Give u(p).
-3
Let q(x) be the third derivative of -x**4/24 + x**3/6 + 8*x**2. Give q(-6).
7
Let h = 14 - 14. Let j(y) = -2 + y**3 - 3*y + y - 7 + 3*y. Give j(h).
-9
Let y(o) = -o**2 + 2*o + 1. Let i = -7 + -2. Let x be (-222)/i + 2/(-3). Suppose -4*f = 4*r + x, -5*f + 4*r + 20 - 5 = 0. Give y(f).
-2
Let j(p) = -p**2 - 6*p + 1. Let y = 33 - 39. What is j(y)?
1
Suppose -m = -2*m + 5. Suppose 3*z = -2*z, -3*b - m*z = 21. Let l(u) = 5*u. Let w(n) = -3*n. Let i(o) = b*w(o) - 4*l(o). Determine i(-2).
-2
Suppose -5*s = -25, -h + 0*h = -4*s + 14. Let c = h - 1. Let r(g) = g**2 - 4*g. What is r(c)?
5
Let j(h) = -h - 3. Let f be j(-6). Suppose y + 8 = f. Let s(k) = -5*k**2 + 9*k - 3. Let i(n) = 14*n**2 - 26*n + 9. Let m(v) = 6*i(v) + 17*s(v). Determine m(y).
-7
Let d(x) = x**3 - 4*x**2 + x - 1. Let j be ((-81)/6 + 0)*-2. Suppose -4*z - 24 = -t - t, j = t - 5*z. Calculate d(t).
-7
Let j(s) = -7*s**3 + s**2 + s + 1. Let t = -69 - -68. Give j(t).
8
Suppose -2*f = 8 + 2. Let k(x) = 6*x + x**3 - 3 + 6*x**2 + 3. Determine k(f).
-5
Let k(p) = 6*p + 1. Suppose d - o = -2, 0 = -4*d + 2*d - 4*o - 16. Let y be -2*(1 - d/(-8)). What is k(y)?
-5
Suppose 8 = 2*o + 4. Let c(f) = f**3 - 1 - o + f + f**2 + 4. Let p be (-15)/21 + (-4)/14. Calculate c(p).
0
Let r(x) = -5*x**2 - 4*x. Let q(c) = 6*c**2 + 4*c. Let k(s) = -3*q(s) - 4*r(s). Determine k(-3).
6
Suppose 4*d = 4*j - 8, 0*d = 3*j + 5*d - 22. Let o = j + 9. Let u(k) = -4*k + o - 2 + 3*k. What is u(5)?
6
Let d(j) = 3*j + 9. Let r(g) = 2*g + 8. Let x(z) = -4*d(z) + 5*r(z). Calculate x(5).
-6
Let o(j) = 4*j - 2*j**2 + 4*j - 2*j - 9*j - 1. What is o(-2)?
-3
Let m(a) = -a**2 - 5*a + 10. Let q = -18 - -12. Let j(y) = y - 1. Let k(d) = q*j(d) - m(d). Let u(f) = -f**3 + 3*f**2 + 6*f - 5. Let o be u(4). Calculate k(o).
2
Let q(b) be the second derivative of -b**4/12 + b**3/2 - b**2 + 8*b. What is q(2)?
0
Let i(k) = -k**2 + 5*k - 5. Let r be i(4). Let f(c) = -5*c + 4. Let h(p) = 6*p - 5. Let w = -8 - -4. Let x(v) = w*h(v) - 5*f(v). Determine x(r).
-1
Let p(r) = -r**3 + 6*r**2 + 8*r + 5. Suppose 6 = 2*h - 2*t, -h - 3*h + 48 = 5*t. Give p(h).
12
Let l(g) = -5*g + 1. Let o = -5 + -2. Let a = 8 + o. Calculate l(a).
-4
Suppose 0 = r - 2*r + 5. Let z(s) = -s**2 - 6*s + 9. Let m be z(-7). Let p(j) = 7*j + 3 - 3*j**2 - j + m*j**2 - 6. Determine p(r).
2
Let y(k) be the first derivative of k**7/84 - k**6/360 + k**5/60 - k**4/24 - 2*k**3/3 - 4. Let q(m) be the third derivative of y(m). Give q(1).
10
Let i(f) be the second derivative of f**5/20 + 7*f**4/12 - f**3/3 + 7*f**2/2 + 8*f. Let u(y) = -y**3 - 3*y**2 + y - 3. Let h(m) = 2*i(m) + 5*u(m). What is h(1)?
-4
Suppose 7 = -4*u - 1. Let m = -2 - u. Let s(a) = a**2 - 4. Determine s(m).
-4
Let c(a) = -a**2 - 3*a - 5. Let u(k) = -k**2 - 3*k - 4. Let j(q) = 5*c(q) - 6*u(q). Calculate j(-3).
-1
Let j be 1/((-9)/42*(-8)/(-12)). Let t(b) = -b**3 - 7*b**2 - 2*b - 6. Determine t(j).
8
Let b(t) = 11*t**3 - 23*t**2 + 1. Let h be -4 - 2/(-6)*-3. Let n(d) = -7*d**3 + 15*d**2 - 1. Let i(m) = h*b(m) - 8*n(m). What is i(5)?
3
Suppose 4*h = -0*h - 20. Let u(m) be the third derivative of m**4/24 + m**3 - 17*m**2. Give u(h).
1
Let q(z) = -z**3 + 6*z**2 + 8*z - 9. Suppose 3 = l - 4. Determine q(l).
-2
Let y = 9 - 11. Let r(o) = 7*o. Let n(u) = -8*u + 4. Let l(p) = -7*p + 3. Let s(t) = 4*l(t) - 3*n(t). Let g(k) = 6*r(k) + 10*s(k). What is g(y)?
-4
Let h(t) = -5*t**2 + 13*t. Let l(i) = 14*i**2 - 38*i. Let j(s) = 17*h(s) + 6*l(s). Let p = -53 - -47. Determine j(p).
6
Let h(a) = a**3 + 3*a**2 - 2*a + 1. Let f = 3 - -18. Let c be (-9)/f + 34/14. What is h(c)?
17
Let b(w) be the third derivative of w**5/60 - w**4/8 + w**3/3 - 9*w**2. Determine b(3).
2
Let h(r) = -2*r - 3. Let z be h(-2). Let v(s) = -z + 2 - 5 + s + s. Calculate v(5).
6
Suppose 9*a - 10 + 1 = 0. Let q(x) = 3*x**2 + 2*x + 1. Let g(v) = -13*v**2 - 9*v - 5. Let u(z) = 2*g(z) + 9*q(z). Calculate u(a).
0
Let d(v) = 3 - 4 + v - 4 + v. Determine d(6).
7
Let v(l) be the third derivative of 1/60*l**5 + 0 - l**3 - 3*l**2 + 0*l**4 + 0*l. Calculate v(0).
-6
Suppose 4*k - 6 = 2. Let r be 4/6 - 1/(-3). Let n be r/2 - 3/k. Let y(v) = 6*v + 1. Determine y(n).
-5
Let v(f) = 4*f + 5. Let h(a) = a + 1. Let j(b) = -9*h(b) + 2*v(b). What is j(5)?
-4
Suppose 6*o = 5*c + 2*o - 4, -5*o = 2*c + 5. Let k(d) be the third derivative of -d**5/60 + d**4/24 + d**3/3 + d**2. What is k(c)?
2
Suppose -n + 2*n = 3. Let y(m) be the third derivative of -m**5/60 - m**3/3 - 10*m**2 - 1. Calculate y(n).
-11
Let d(n) be the first derivative of n**4/4 + 7*n**3/3 - 3*n + 13. Give d(-7).
-3
Let j = 16 + -13. Let t(c) = 2*c - 4. Determine t(j).
2
Let b(x) be the first derivative of -3*x**2/2 - 7*x + 1. Let q be b(-3). Let a(f) = 1 - f + 3*f - 3*f. What is a(q)?
-1
Let k(f) be the third derivative of f**6/24 - 5*f**4/24 + f**3/2 + 2*f**2. Let w(m) = m**3 + m**2. Let n(z) = k(z) - 4*w(z). Give n(5).
3
Let q(s) be the second derivative of s**3/6 + 3*s**2 - 5*s. Calculate q(-4).
2
Let i be (1*(-8)/1)/(-2). Suppose -5*k + 3*h = -4, -3*h = i*k - 0 - 14. Suppose -c + k = c. Let x(f) = 5*f**2 + 2*f - 1. Give x(c).
6
Let r(a) = -a**2 - a - 6. Suppose 0 = 4*s + 2*k + 28, 3*k = 4*s + k + 28. Let x(q) = -q**2 - 7*q. Let g be x(s). What is r(g)?
-6
Let j(s) = -12*s - 14. Let r(x) = -8*x - 9. Let q(v) = 5*j(v) - 8*r(v). Calculate q(-2).
-6
Let p(w) = w**3 - 2*w**2 - 2*w. Let t be ((-45)/25)/((-6)/20). Let v be (-6 - 6)/(t/4). Let u = 11 + v. Determine p(u).
3
Let m(o) = 1. Let p(w) = w + 6. Let z(x) = -6*m(x) + p(x). What is z(0)?
0
Let x be ((-20)/70)/((-1)/7). Let l(i) = -i + 4. Let z(v) = -v + 5. Let y(w) = -4*l(w) + 3*z(w). What is y(x)?
1
Let d(z) = -1 + 4 - z**2 - 1 + 4*z. Let o be 2 - -1*(-6)/(-2). Determine d(o).
-3
Let s(u) = u**2 + 3*u. Let z(o) be the second derivative of o**4/12 - o**3/6 - o**2 - 2*o. Let k be z(5). Suppose -3*w - k = -6. Calculate s(w).
4
Let y be (-1)/((-2)/(1 - -7)). Let b(j) = -8 + 30 + j**2 - 19 - 6*j. Give b(y).
-5
Let f(s) = -21*s**2 + 7*s + 9. Let j(p) = 10*p**2 - 3*p - 4. Let r(o) = -4*f(o) - 9*j(o). Give r(1).
-7
Let p(k) = -6*k + 3. Let v(j) = 11*j - 5. Let s(m) = 5*p(m) + 3*v(m). Suppose 5*a + 51 = 4*o, 2*o + a + 41 = 5*o. Suppose -5*x - 1 = o. Give s(x).
-9
Let c be (-1 - -2) + (-4 - -3). Let y(t) = t**2 + t + 1. Let r be y(c). Let o(f) = 2*f. Calculate o(r).
2
Let z(d) = -d - 7. Suppose 0 = 5*v - 0*h + 5*h + 50, -v - 3*h - 20 = 0. Let n be z(v). Let w(p) = -2*p + 1. What is w(n)?
5
Suppose u + 3 = -0*u. Let r(a) be the first derivative of -a**6/360 - a**5/120 + a**4/8 - a**3 - 2. Let f(v) be the third derivative of r(v). What is f(u)?
-3
Let j(w) = 6*w**2 - 36*w - 1. Let d(z) = -3*z - 4*z + 5*z**2 - 3*z**2 - z**2. Let r(m) = -11*d(m) + 2*j(m). Calculate r(-4).
-6
Suppose 0*c + 4*n - 2 = -c, 5*n - 1 = -c. Let r(m) be the first derivative of c*m**2 - 3*m - 5*m**2 + 3 - 1. Calculate r(4).
5
Let v(b) = 9*b**3 - b**2 - 13*b + 2. Let h(c) = -4*c**3 + 6*c - 1. Let l be (12/4)/(2/(-6)). Let y = 16 + l. Let g(m) = y*h(m) + 3*v(m). Determine g(-4).
3
Let m(o) = o**2 + 11*o - 12*o + 5 - 7*o. What is m(5)?
-10
Let w(z) = z**2 + 3*z + 4. Suppose -3*j - 19 = -64. Let g be (j/(-3))/1 - -1. Give w(g).
8
Let k(m) be the first derivative of -m**4/4 + 5*m**3/3 + m**2 - 4*m - 2. Let h be k(5). Let v(j) = -2 + h*j**2 - 5*j**2 + 0. Calculate v(-3).
7
Let t(m) = m + 0 - 2 - 9. Let g = 11 + -6. Give t(g).
-6
Let k(p) be the second derivative of p**4/12 - p**3/2 - p**2/2 + p. Let r be k(-2). Let x = -5 + r. Let m(v) = v**3 - 3*v**2 - 3*v + 3. What is m(x)?
7
Let o be 99/21 - (-4)/14. Let f(i)